 3*a - 3. Let i(n) = -2*n**2 + 20*n - 2. Let q be i(10). What is the units digit of m(q)?
5
Let o be -36 - ((-6)/(-18) - 4/(-6)). Let f = o - -110. What is the units digit of f?
3
Suppose -v + 10 + 20 = -5*p, 5*v - 98 = -p. Suppose 3*f - v = -2. What is the units digit of f?
6
Let v(y) be the first derivative of y**3/3 + 7*y**2 + 17*y - 7. Let f be v(-13). Suppose -3*t = -f*t + 45. What is the tens digit of t?
4
Let k(b) = 10*b**2 - 10. What is the units digit of k(-6)?
0
Suppose 2*s + 3*a = -2*a - 196, 10 = 5*a. Let b = 188 + s. What is the units digit of b?
5
Let v = 509 - -542. What is the tens digit of v?
5
Suppose 5*i - 3 - 2 = 0. Suppose u + i - 16 = 0. What is the units digit of u?
5
Let t be ((-1)/(-2) + 0)*220. Let p = t + -75. What is the tens digit of p?
3
Let k be 5*(-1 - -3)/(-2). Let u(z) be the second derivative of z**4/12 + z**3/2 + 7*z**2/2 - z. What is the tens digit of u(k)?
1
Let l = 12578 - 8052. What is the tens digit of l?
2
Let x(v) = 31*v - 351. What is the tens digit of x(44)?
1
Suppose 0 = 3*n + 3*n. Suppose 2*h - 9*h + 259 = n. What is the tens digit of h?
3
Suppose -5*r + 422 = -3*r. Let l = r + -130. What is the units digit of l?
1
Suppose 4*v + 8 = 0, v - 3 - 20 = -5*z. Suppose z*x - 2 = 8. Suppose -3*a = x*k - 106, -3*a + 0*a + 112 = -4*k. What is the tens digit of a?
3
Let k be 1 + -1 - (0 - 194). Let p = 311 - k. What is the tens digit of (1/(-3))/((-3)/p)?
1
Suppose 54*i = 36*i + 1152. What is the tens digit of i?
6
Let i(f) = 14*f + 1748. What is the hundreds digit of i(0)?
7
Suppose 0 = 2*w - 5*y + 4, 0 = 3*w - 2*w + 4*y - 11. Suppose -w*u + 1 = 16. What is the units digit of (-2)/(3*u/15)?
2
Suppose -3*d + 9 = 3. Suppose 0 = -n + 47 + d. What is the units digit of n?
9
Let q = 480 + 609. What is the units digit of q?
9
Let g = 6282 - 1999. What is the thousands digit of g?
4
Suppose q - 5*u = -2*u - 17, -2*q - 5*u = 78. Let y be (-6)/(-2)*116/6. Let o = y + q. What is the tens digit of o?
2
Suppose -5*n + 6*n = -6. Let c(a) = a**2 + a + 14. What is the units digit of c(n)?
4
Let n = 14 + -14. Suppose d - 6 + 3 = n. What is the units digit of d?
3
Suppose 298 = 3*s - g, -3*g - g = s - 108. Suppose -13*o + 14*o = 2. Suppose -5*f - y + s = 0, 2*f + o*y = -0*y + 32. What is the tens digit of f?
2
Suppose 4*g = -20, 3*d - 3*g = 4*d - 3959. What is the hundreds digit of d?
9
What is the tens digit of 71/142 + (-2234)/(-4)?
5
Let c(z) = -z**2 + 8*z - 7. Let l be c(2). Suppose -3*n + 796 = l*r - 6*n, 784 = 5*r + 3*n. What is the units digit of r?
8
Let f(t) be the first derivative of 11*t**3/3 - 3*t**2/2 - t - 9. Let a(c) = -c**3 - c - 2. Let u be a(0). What is the tens digit of f(u)?
4
Let r(w) = -2*w**2 - 5*w - 3. Let y be r(-3). Let l(x) be the first derivative of -3*x**2/2 - 7*x + 14. What is the tens digit of l(y)?
1
Suppose -w - 145 = -5*t + 4*w, -w + 151 = 5*t. What is the units digit of (-3)/((-6)/(-8)) + t?
6
Suppose -10*c + 74600 = 30*c. What is the hundreds digit of c?
8
Suppose -3 = 3*y - 9. Suppose -4*x - 2*i + 174 = 0, -7*i + 3*i - 62 = -y*x. What is the tens digit of x?
4
Suppose -3*f + 132 = i - 35, 2*f - 5*i - 83 = 0. Suppose f = 4*z - 54. Let q = -12 + z. What is the tens digit of q?
1
Let h(d) = 15*d**2 + 7*d + 2. What is the hundreds digit of h(5)?
4
Suppose -490 = 2*f - 7*f - 4*a, 3*a - 490 = -5*f. Suppose 9*j - 8*j = f. What is the units digit of j?
8
Suppose -5*w - 20 = k, -4*w = -4*k + 2 + 14. Let b = 52 - -42. Suppose k*q - b = -2*q. What is the tens digit of q?
4
Let q = 20 - 16. Suppose 3*d = 2*k - 119, 3*k - 135 - 43 = q*d. What is the tens digit of k?
5
Let u(p) = p**2 - 2*p - 4. Let m be u(-3). Let s be (0 + 3/(-6))*14. Let d = s + m. What is the units digit of d?
4
Suppose 0 = 5*q - 4*m - 649 - 415, -4*q - 4*m = -880. Suppose -z - q = -3*n - 6*z, 2*z = 4*n - 288. What is the units digit of n?
2
What is the units digit of 1760/(-48)*(-2 - 136/10)?
2
Suppose 3*p = -3*i + 129, 0 = -p + 2*p + 4*i - 55. Suppose p*d - 41*d + 116 = 0. What is the tens digit of d?
5
Let u be (-12)/(-8) - (-2)/4. Suppose d = -w + 104, -w - u*w = -d + 108. What is the units digit of d?
5
Suppose -2*v + 5*i + 489 = -4757, 5*v = 2*i + 13094. What is the hundreds digit of v?
6
Suppose f + 5*r - 3 = 0, -2*r + 5*r - 3 = 0. Let t be 16/12*(f - 1). What is the units digit of t/(-6)*90/10?
6
What is the tens digit of 25/(-50) - (-1926)/4?
8
Let c be ((-9)/2)/((-9)/12). Suppose -2*i - p - 115 = -c*i, 5*p = 3*i - 82. What is the tens digit of i?
2
Let l be (9/2)/((-2)/(-4)). Suppose -3*s + 3 + l = 0. Suppose -s*q + q = -51. What is the tens digit of q?
1
Suppose -4*z - 135 + 15 = 0. Let f = z - -6. What is the units digit of ((-6)/5)/(f/80)?
4
Let j(z) = -2*z - 6. Let r be j(-4). Suppose 0 = -r*k - 6, -41 - 10 = -2*o - 3*k. What is the tens digit of o?
3
Suppose -708 = 9*z - 15*z. Suppose -8*c + 26 + z = 0. What is the units digit of c?
8
Let l be 8/(-16) - 31/(-2). Let q be ((-36)/l - -2)*-5. What is the units digit of (q + 10/(-4))*-94?
7
Suppose 4*m + r - 539 = 159, -3*m = 2*r - 526. What is the tens digit of m?
7
Let y = -17 - -3. Let q = -14 - y. Suppose 5*a - a - 52 = q. What is the units digit of a?
3
Suppose 3*o + 18 = 2*z, -5*z = -2*z + 5*o - 8. Let m be 77/(11 + -4) - (-3 - 0). Suppose -14 - m = -n + x, -z = 3*x. What is the tens digit of n?
2
Let d be ((-27)/(-18))/(1/2). Suppose d*z + c + 3*c = 29, 0 = -3*c - 3. What is the units digit of z?
1
Suppose -162 = -p + 345. What is the hundreds digit of p/5 - 26/65?
1
Suppose 2368 = 54*b - 50*b. Suppose 56 = 9*l - b. What is the tens digit of l?
7
Let f be 3/(-2) - (-10)/4 - 2. What is the units digit of (f + (182 - 2))*(-2 - -3)?
9
Let c(b) = -2*b**3 - 7*b**2 + 4*b - 2. Let n be c(-4). What is the units digit of (-6)/n + (11 - 5)*12?
5
Let c(h) = 388*h - 274. What is the hundreds digit of c(4)?
2
Let f(h) = -317*h**3 + h**2 - h - 1. What is the tens digit of f(-1)?
1
Suppose -5*p = 5*w - 420, -2*w + w + p = -80. What is the units digit of (w/3)/(2/6)?
2
Let k = 21 - 17. What is the units digit of 3 + k + -5 + 16?
8
Let j(m) = m**3 - m**2 + 3*m + 5. Let z(p) = -p**3 - 9*p**2 - 2. Let d be z(-9). Let q be j(d). Let g(s) = -6*s - 14. What is the units digit of g(q)?
4
Suppose 9*j - 3046 = 4*j + 3*v, -3*v + 1818 = 3*j. What is the hundreds digit of j?
6
Suppose -2*n = -7*n - 15, 4*p - 194 = 2*n. Let l = -14 + p. What is the units digit of l?
3
Suppose 3*i - i = f - 719, -2*f + 5*i = -1438. What is the units digit of f?
9
Suppose -4 = -7*s + 5*s. Let y(c) = -3*c - 1 + 5 - 10*c - c**s + 4. What is the tens digit of y(-11)?
3
Let v(h) = -215*h + 1114. What is the thousands digit of v(-19)?
5
Suppose 2*g - 53 + 11 = 0. Suppose 0 = -3*z + 2*z + g. Suppose 14 = v + 2*l - z, 135 = 5*v + 2*l. What is the tens digit of v?
2
Let k(l) = -14*l - 3. Let v(r) = -3*r**2 - 3*r + 5. Let o be v(2). What is the units digit of k(o)?
9
Let w be (-2)/8 + (-92)/16. Let x = w + 12. What is the units digit of (x/(-5))/((-1)/10)?
2
Let s(t) = 7*t**2 + 25*t - 111. What is the units digit of s(8)?
7
Let v be (117/18)/((-2)/4). Let x(i) = -i + 3. What is the units digit of x(v)?
6
Let x(o) = 3*o**3 + 3*o**2 - 3*o + 2. Let i be x(1). Suppose 154 = i*f + 2*f. What is the units digit of f?
2
Let u = -1 - -191. Suppose 0 = 3*n + 2*n - u. What is the units digit of n?
8
Suppose 3*w - w = -10, -4*q - 2*w + 210 = 0. Suppose 23 = d - 3*o - q, -2*d - o = -128. What is the units digit of d?
6
Let a(x) = -x**3 - 10*x**2 - x - 14. Let v be a(-10). What is the tens digit of (-3)/((-12)/v) + 75?
7
Let s(o) = o**2 - 14*o - 200. What is the hundreds digit of s(44)?
1
Let z = -146 + 206. Let d be 6/33 + z/33. Suppose -d*b + 33 = b. What is the units digit of b?
1
Let y = 498 + -102. What is the tens digit of y?
9
Let l be (54/(-4))/((-11)/220). Suppose 5*a - 187 = -4*q, 0*a = 5*q - a - l. What is the units digit of q?
3
Let c(j) = -7*j + 50. Let q = -91 - -69. What is the hundreds digit of c(q)?
2
Suppose -2*k - 1 = 3. Let c be 8/(k + 7/4). What is the units digit of c/(-12)*(-78)/(-4)?
2
Suppose 4*z - 6*z + 53 = 5*f, 0 = -f + 5. Suppose -g - z = -3*g. What is the units digit of g?
7
Let o(x) = -2*x**3 - 19*x**2 + 20*x + 80. What is the thousands digit of o(-16)?
3
Suppose 3*p - 359 = 5*t, 6*t - 3*t = -3*p 